-35041616
In base 12, what is -2 + -3925b029?
-3925b02b
In base 15, what is 0 + 134746a?
134746a
In base 8, what is -17560203 - -30?
-17560153
In base 13, what is 360 + -47a2?
-4442
In base 12, what is 17693 + 147?
1781a
In base 8, what is -112626110 + 3?
-112626105
In base 3, what is -12011121101012010 - 10?
-12011121101012020
In base 8, what is 41042713 + 4?
41042717
In base 7, what is 4 - 23612426?
-23612422
In base 14, what is 31402 - c8?
31318
In base 3, what is -10 - 10210010102011?
-10210010102021
In base 7, what is -53433201 + -12?
-53433213
In base 8, what is -7 + 7775041?
7775032
In base 10, what is 9 + -69125479?
-69125470
In base 15, what is -369a - 54b?
-3be6
In base 9, what is -454131042 + -1?
-454131043
In base 7, what is -2351 - 305353?
-311034
In base 15, what is 1853d64 + 3?
1853d67
In base 4, what is 3111 - -2223120?
2232231
In base 12, what is 1 + 4731060?
4731061
In base 9, what is -7 + 4723541?
4723533
In base 14, what is -12c1 + 2b44?
1863
In base 15, what is 752c - -ae7?
8124
In base 6, what is -55525 + 13000?
-42525
In base 12, what is 1b1 + -1552?
-1361
In base 13, what is 11 - bb3912?
-bb3901
In base 9, what is -8788 + -332?
-10231
In base 13, what is -5 - b386ab?
-b386b3
In base 3, what is 10112100211110021 + 2?
10112100211110100
In base 6, what is 55125244 + 14?
55125302
In base 3, what is -211212212 + -1121010?
-220110222
In base 4, what is -202003210033 + 22?
-202003210011
In base 2, what is -10010101 + 1011100111100011?
1011100101001110
In base 4, what is -2212 - 10322012?
-10330230
In base 5, what is 1230 - 40130040?
-40123310
In base 8, what is -4 - -31501743?
31501737
In base 11, what is 3 + -1130a66?
-1130a63
In base 9, what is -728250 - 14?
-728264
In base 9, what is -5 + -163450835?
-163450841
In base 12, what is -135103 + -18?
-13511b
In base 6, what is -2253454 - 3433?
-2301331
In base 8, what is 1674 - -7772?
11666
In base 11, what is -6 - 14760421?
-14760427
In base 12, what is 1188a18 - -6?
1188a22
In base 12, what is -454a602 - 8?
-454a60a
In base 5, what is 11020 - 340014?
-323444
In base 16, what is 15 + 1556c?
15581
In base 7, what is 1253501 - -11?
1253512
In base 15, what is aa987 - -50?
aa9d7
In base 4, what is -120 - -22122210?
22122030
In base 2, what is 1011100100110101000110111 - 1?
1011100100110101000110110
In base 14, what is -5cd + -b360?
-b94d
In base 8, what is -30 + 3324766?
3324736
In base 2, what is 10000110 - 1010111010110000011?
-1010111010011111101
In base 14, what is 9ad3 - 18a?
9947
In base 4, what is -20121 + -33303?
-120030
In base 7, what is 54326114631 - 2?
54326114626
In base 9, what is 88656 + -18200?
70456
In base 10, what is -3096085 + 4?
-3096081
In base 7, what is 3044266 - 11?
3044255
In base 8, what is 3425 - 10031?
-4404
In base 2, what is -1011101 - -1001000001001000010?
1001000000111100101
In base 2, what is -1111100001010001110101000 + 1?
-1111100001010001110100111
In base 11, what is -1499585 - -4?
-1499581
In base 3, what is 22100201220222 - 1?
22100201220221
In base 3, what is 2210222102 + 2001020?
2220000122
In base 3, what is 2 + 10120120200002?
10120120200011
In base 4, what is -213003 - -102012?
-110331
In base 15, what is -412206 - 4?
-41220a
In base 4, what is 2110 - -1000023330?
1000032100
In base 11, what is -4 - -37429914?
37429910
In base 11, what is -10 - 279839?
-279849
In base 11, what is 80736 + -3a?
806a7
In base 8, what is 330 - 325103?
-324553
In base 9, what is 8068 - -26235?
35314
In base 8, what is -3510666265 + 0?
-3510666265
In base 12, what is 875 - -3752?
4407
In base 4, what is 20311200000 + -32?
20311133302
In base 16, what is -b7615a1 + -2?
-b7615a3
In base 6, what is 5 + 251405210?
251405215
In base 5, what is 1413020014 + -2?
1413020012
In base 13, what is -1b8 + -906a?
-9255
In base 12, what is -560a58 + 1?
-560a57
In base 6, what is 143241235 - -3?
143241242
In base 7, what is -12 + 34161513?
34161501
In base 8, what is -607 - -275417?
274610
In base 7, what is 1265 + -211644?
-210346
In base 11, what is 1 + -5468a6a?
-5468a69
In base 5, what is -124 + -141244?
-141423
In base 4, what is 12011102021312 - 0?
12011102021312
In base 16, what is -29a4 + -1d19?
-46bd
In base 10, what is 2896506 - 3?
2896503
In base 4, what is -103022 + 30321?
-12101
In base 5, what is 30 - 3201021421?
-3201021341
In base 15, what is -456cba - -123?
-456b97
In base 11, what is -1130 - 6162?
-7292
In base 9, what is 13474517 + 4?
13474522
In base 2, what is -1111001110000101 - -1101111?
-1111001100010110
In base 14, what is 21b3 + 1336?
3509
In base 8, what is -5 - -11665727?
11665722
In base 13, what is 277 + 49062?
49309
In base 5, what is -1112320010 - 221?
-1112320231
In base 6, what is 12 - 2432434?
-2432422
In base 13, what is -104 + -5b21?
-5c25
In base 9, what is -68137 - 7?
-68145
In base 14, what is -10b3a06 - 37?
-10b3a3d
In base 6, what is 1143522 - 1131?
1142351
In base 15, what is -153beb7 - 4?
-153bebb
In base 7, what is 123323 - -231?
123554
In base 13, what is 1829 - 3512?
-19b6
In base 12, what is 1707a84 - 2b?
1707a55
In base 12, what is -4010 + -4265?
-8275
In base 8, what is 11 + -65035104?
-65035073
In base 15, what is 10b6 + 644b?
7512
In base 7, what is 644622455 - -33?
644622521
In base 16, what is 673b3bb + 2?
673b3bd
In base 16, what is -248 + 1007f?
fe37
In base 9, what is 1 + 5533413?
5533414
In base 9, what is -323156 + 62?
-323084
In base 15, what is -e5b828 + 1?
-e5b827
In base 7, what is -12 + 262404163?
262404151
In base 7, what is -12450 - -10234?
-2213
In base 10, what is 69788659 + -1?
69788658
In base 12, what is 6b319 - -460?
6b779
In base 16, what is 3 + cf6e?
cf71
In base 8, what is 12166773 - 3?
12166770
In base 10, what is 3 - -39256770?
39256773
In base 16, what is -101b69 + 29?
-101b40
In base 13, what is -29 - -50c782?
50c756
In base 4, what is -3 + 30311232220?
30311232211
In base 10, what is -933 + -18610?
-19543
In base 5, what is -11 - 314104102?
-314104113
In base 9, what is -101 - 234772?
-234873
In base 15, what is 47e6297d + -1?
47e6297c
In base 16, what is 3 - 8170ec?
-8170e9
In base 5, what is -114330333 - 224?
-114331112
In base 10, what is 41 + 195623?
195664
In base 6, what is 344305 - 451?
343414
In base 10, what is -39 + 9?
-30
In base 10, what is -9 + -176559?
-176568
In base 13, what is -5ca62 - -6c4?
-5c36b
In base 8, what is -41030532 - 36?
-41030570
In base 12, what is -5 - -33a87178?
33a87173
In base 15, what is 35 - 3b54b?
-3b516
In base 8, what is 1753 - 201670?
-177715
In base 16, what is -2 - -84809?
84807
In base 5, what is 402 - -4104031312?
4104032214
In base 2, what is -100 + 111000001011001101110110?
111000001011001101110010
In base 4, what is -2000 - -1021223?
1013223
In base 6, what is -124121 - 555?
-125120
In base 5, what is -10 + 3321333134?
3321333124
In base 14, what is -756 + 1067?
711
In base 3, what is -110011021110 - -10010?
-110011011100
In base 6, what is 1002 + -14254?
-13252
In base 9, what is -1034 + 183?
-741
In base 6, what is 505410 - 2205?
503201
In base 10, what is -292511 - -17?
-292494
In base 5, what is 303324 - 1120423?
-312044
In base 2, what is -11011 - -110110101111010011?
110110101110111000
In base 9, what is 37 + -142786?
-142748
In base 2, what is -110011 + 10001110111010010101111?
10001110111010001111100
In base 11, what is -2650 - a169?
-11809
In base 7, what is 41362 + 22540?
64232
In base 10, what is 3386 + 836?
4222
In base 11, what is -31625 + 18845?
-13890
In base 15, what is -1544c + -86?
-154d3
In base 12, what is 21004111 - -1?
21004112
In base 3, what is -22 - -120112022010?
120112021211
In base 8, what is -1264610 + -3?
-1264613
In base 10, what is 1149030 - -43?
1149073
In base 8, what is -10205 - 535?
-10742
In base 10, what is 5 + -155365?
-155360
In base 14, what is 4 + -5b8d42a?
-5b8d426
In base 16, what is d381 + 9c?
d41d
In base 4, what is -1013001 + -12300220?
-13313221
In base 6, what is -2 + 221453115?
221453113
In base 11, what is a1a8 + -7020?
3188
In base 2, what is 11111100010110100000101 - 1?
11111100010110100000100
In base 4, what is -10 - -3202232223312?
3202232223302
In base 11, what is -1813119 - -1?
-1813118
In base 5, what is -322014 - 2021?
-324040
In base 11, what is 6109 + -10525?
-5417
In base 14, what is 